 - 2*k = d, -4*k = 4*s - 0*k. Suppose -s*c - 689 = -3*n, -4*c - 29 = -13. Is n prime?
True
Let u = 37 - 36. Let o(w) = 1713*w + 20. Is o(u) a composite number?
False
Let d be (-1 + -1)/((-8)/36). Let k(g) = 54*g + 12 + 10 + 6 + 0 + 47*g. Is k(d) composite?
False
Suppose 8*n - 23*n - 335166 = -980901. Is n a composite number?
False
Suppose 3*b - 6*b + 57646 = -5*l, 0 = -5*b + 3*l + 96050. Is b a prime number?
True
Let x = 567326 - 191127. Is x prime?
True
Let d(w) be the second derivative of w**4/12 - 17*w**3/6 + 9*w**2 - 15*w. Let a be d(16). Is ((-100)/60)/(a/(-402)) a prime number?
False
Let f(p) = 402*p**3 - 4*p**2 - 23*p + 82. Is f(5) composite?
True
Suppose f + 12 = 3*y, 3*y + f = 4*f + 18. Suppose -2*c + 14 = z + z, 0 = -y*z - 2*c + 24. Is 1331 + z/(25/5) prime?
False
Suppose 0 = -2*g - 2*g + 4348. Let d = g - 690. Is d a composite number?
False
Let l(h) be the third derivative of h**5/20 + h**4/24 - 14*h**2. Let i be l(7). Let t = 309 - i. Is t prime?
False
Suppose f - 2*p = -2106 + 12310, -2*f - 5*p + 20435 = 0. Suppose 13*z - 3*z - f = 0. Let q = z - 542. Is q a prime number?
True
Suppose -1959*r + 3092322 = -1953*r. Suppose 12*u = 204025 + r. Is u prime?
True
Suppose -58 = -2*g + 384. Suppose 228*j = g*j + 2597. Is j a prime number?
False
Suppose 448 = 7*h - 0*h. Suppose h*i - 67*i = -9357. Is i composite?
False
Suppose 4*q + 13*b - 16507 = 8*b, 4*q - 16483 = 3*b. Let s = -7403 + q. Let w = -1769 - s. Is w prime?
True
Let j(y) = 14*y + 4*y - 113 - y**2 + 17*y**2 + 16*y**2 - 4*y. Is j(-25) prime?
False
Suppose 18*i - 5803553 = 21445. Is i a prime number?
False
Let l(a) = 37*a - 2. Let h be l(5). Let u = h + 3648. Is u a composite number?
True
Suppose -6*q + 3*q = -15915. Is q a prime number?
False
Let b = 763378 + -408315. Is b a composite number?
False
Let b(q) = -q. Suppose -2*v = -2*t, 5*v = -2*t + v - 6. Let o be b(t). Is (((-5364)/8)/(-3))/(o/2) a composite number?
True
Suppose 0 = -4*q - 4*f + 11 + 25, -5*q = f - 57. Let b(k) = 33*k**2 - 2*k + 91. Is b(q) a composite number?
True
Let y(o) = 126*o**3 + 19*o - 3. Is y(8) composite?
False
Let m be (-136)/(-7) + (-102)/238. Suppose 0 = m*x + 655 - 11542. Is x a composite number?
True
Let b be ((-51)/12)/((-9)/1332). Let d = 184 - b. Let s = -128 - d. Is s prime?
True
Suppose p + 1357*f - 138878 = 1358*f, -555512 = -4*p + 2*f. Is p prime?
False
Let s(h) = 46*h**2 - h - 12. Let n be s(16). Suppose -4*m = -2*d - n, -14671 = -5*m + 5*d - 6*d. Is m a prime number?
False
Let b(z) = 2449*z - 706. Is b(21) a composite number?
False
Suppose 852735 = 7*j + 58*j. Is j prime?
False
Let c = -40281 + 200900. Is c prime?
True
Let v(i) = -17*i**3 - 2*i**2 + 35*i + 45. Let q be v(-13). Suppose -2*o = 2, 4*h = 7*o - 2*o + q. Is h prime?
False
Is (-14)/(590/236 + (-13839)/5534) prime?
False
Suppose 25 = -23*d + 28*d. Suppose -d*b = 2*c - 12481, 0*c - 3*c = 3*b - 7494. Is b composite?
True
Let z be (3 + -37)*4*-17. Suppose 3*f + f = z. Is (-9)/6 + f/4 a composite number?
True
Let l = -93 - -95. Let x(z) = 43 + 0*z + 26 + l*z - 12. Is x(20) composite?
False
Suppose 5*p + 9 = 2*g, 0 = -2*p - 4*g + 1 + 5. Is (0 - p - 3) + 9493 prime?
True
Suppose 2*k + 4*k - 12 = 0. Suppose 2*l = -k*j - 1 - 1, 0 = 4*l - j + 9. Is ((-479)/1)/(l*(-4)/(-8)) a prime number?
True
Let a = -6914 - -4402. Let h = a - -5141. Is h a prime number?
False
Let n be ((-25)/15)/(-2 - 21/(-18)). Suppose n*j = -0*j + 4716. Suppose -s = -7*s + j. Is s a prime number?
False
Let f = 6645 + -3352. Is f composite?
True
Let b(o) = o + 253. Let t = 49 - 51. Let r be 0/(t - (-4)/1). Is b(r) a composite number?
True
Let s = 379 - 116. Suppose -3*z - q = -1361 + s, -732 = -2*z + 2*q. Suppose 0 = 5*u + 7*h - 3*h - 574, -3*u + z = -3*h. Is u a composite number?
True
Let u(r) = 4*r**2 + 15*r - 2. Let h be u(-4). Suppose -2*o + t = 3*o - 30, 0 = -h*o + 2*t + 20. Suppose 249 = 3*k - 3*s, -132 - 291 = -o*k + s. Is k composite?
True
Is (-1)/(4/(-164454)) - (-38)/(-76) a prime number?
True
Let a(z) = -90*z**3 - 34*z - 49. Is a(-4) a composite number?
True
Is (-101 - -5)/24 + 12363 + 0 a prime number?
False
Let d(b) = -8*b**3 - 24*b**2 - 76*b - 223. Is d(-16) composite?
False
Let n = 544346 + -263509. Is n a prime number?
True
Suppose 3*j - j - 6 = 0. Suppose j*k = -4*w - 1876, 2*k = w - 59 + 528. Let c = 692 + w. Is c a composite number?
False
Is (-10496233)/(-132) - -14 - 2/(-24) a composite number?
False
Suppose -6*y - 36 = -2*y. Let h(q) be the second derivative of -q**5/10 - 5*q**4/6 + 2*q**3/3 + 19*q**2/2 - 4*q. Is h(y) a prime number?
True
Let c = -1542 - -502. Suppose 98*i - 48548 = 151078. Let y = i + c. Is y a composite number?
False
Suppose -88*j - 6 = -90*j. Suppose -1823 + 66 = -j*o - 2*z, 0 = 3*z - 12. Is o a prime number?
False
Let j be (-12 - -1)*(-11 - 1618)/9. Suppose 19*v - j = 507342. Is v prime?
False
Let l be (8/(-3))/((-64)/576). Is 10009 + 0 - (-25)/((-300)/l) a composite number?
False
Let c = -856 - -858. Suppose -b + 423 = c*d, 16*d = 4*b + 15*d - 1674. Is b prime?
True
Let l(g) = -4*g + 6210. Let p be l(0). Let w = p - 479. Is w prime?
False
Suppose 4 = 4*n - 16. Let v = n - 3. Suppose v = t - 0*g - g, -16 = -2*t - g. Is t a prime number?
False
Is (199922/12)/(295/1770) composite?
False
Suppose 35*s - 1175515 - 12134530 = 0. Is s a prime number?
True
Suppose 178576 = 7*j - 7372. Suppose 12*r + j = 16*r. Is r composite?
True
Let d = -6469 - -9861. Suppose o - d = 4331. Is o a composite number?
False
Let k be ((-1)/(-1)*0*-1)/1. Suppose -6*w + 2*w = -5*d + 14529, -4*d + 2*w + 11628 = k. Is d a prime number?
True
Let m(l) = -68*l - 2. Let k = -67 + 95. Suppose 0 = -9*x + 10 - k. Is m(x) prime?
False
Suppose -6964 = 14*l - 12*l. Let b = l + 4884. Let p = b - 935. Is p a prime number?
True
Is -5*((-187821)/15 + 12) a composite number?
True
Suppose 69*q - 2731588 = 19956923. Is q prime?
False
Suppose a + 3*l = 3 - 1, 0 = 2*a - 2*l - 4. Suppose a*x = -21 + 31. Suppose -2101 = -5*o - x*z + 1624, -5*z + 2982 = 4*o. Is o prime?
True
Let c(i) = 2*i**2 + i - 1. Let p(a) = a**3 - 6*a**2 + 15*a - 16. Let k(y) = 3*c(y) - p(y). Is k(-10) prime?
True
Let g(k) be the third derivative of 117*k**4/2 + k**3 - 25*k**2. Let w be g(2). Suppose 14*i - w = 32228. Is i a prime number?
True
Let c = 1687320 + -248867. Is c composite?
True
Let j(y) = 243*y**2 + 44*y + 10. Let k be j(5). Suppose 3*c - k - 6568 = 0. Is c a prime number?
False
Let j be 2 + 15*5/(-1 - -6). Suppose -6*g + 1116 = 3*m - 2*g, -3*m - 5*g = -1113. Let h = j + m. Is h a prime number?
False
Let g(v) = 365*v**3 + v**2 - v + 1. Let a be 0/(-9 + 1) - -2. Is g(a) composite?
True
Let c(x) = 35*x**2 - 34*x - 55. Suppose -3*q - 22 = 4*t + 48, 5*t + 20 = 0. Is c(q) prime?
True
Let a(q) = -322*q - 57*q + 8*q - 375 + 26*q - 178*q. Is a(-22) a composite number?
False
Let v be (-5)/(-4*6/24). Let f(a) be the first derivative of 4*a**4 + 10*a**3/3 - 9*a**2/2 + 16*a - 6. Is f(v) a prime number?
True
Suppose 0 = -6*s + 10*s - 4280. Let m = -1035 - -344. Let f = m + s. Is f a prime number?
True
Let m(b) = 7*b**3 - 48*b**2 + 119*b - 83. Is m(36) a composite number?
True
Is (-8243478)/108*(-2)/6*6 composite?
False
Let l(c) = -c**3 - 6*c**2 + 30*c + 338. Is l(-23) a composite number?
False
Let d be (-217)/(-21) + -2*(-2)/(-12). Is 6/(-30) - (-2952)/d a composite number?
True
Suppose -3*h = 7 + 5. Suppose -4*u - 2*o = -4858, 3*u - 2*o + 3*o = 3643. Is u + -1 - ((-16)/(-4) + h) composite?
False
Let j(r) = 1062*r**2 + 8*r - 55. Is j(4) composite?
True
Suppose -2*x - 15 + 19 = 2*m, 5*m = -2*x + 4. Suppose -4*o - 5524 = -5*o - 5*z, -22206 = -4*o + x*z. Is o a prime number?
False
Let x(p) = -p**3 - 2*p**2 - 2*p + 1. Let o be x(-2). Suppose -2*h + 5366 = h - o*v, 3588 = 2*h + 2*v. Let t = h - 669. Is t composite?
False
Let l(r) = 14122*r + 3603. Is l(8) prime?
True
Suppose 0 = 6*j - 2034 + 24. Let s = -34 + j. Suppose 235 + s = 4*v. Is v composite?
True
Let z = 41 - 32. Suppose -3*g + 883 = -2*v, 8 = -z*v + 5*v. Is g prime?
True
Suppose 0 = -9*r + 5 + 13. Suppose r*d = 7*d - 20. Suppose -3*v - v + 9560 = d*h, -3*v + 2380 = h. Is h a prime number?
False
Let v(g) = -2549*g - 549. Is v(-4) a composite number?
True
Is 156/(-416) + 791947/8 a composite number?
False
Let d be (21/12)/(10/56360). Is (0 - -9)*d/21 pri